or of 342 and 36.
18
Calculate the greatest common divisor of 14 and 14.
14
What is the highest common factor of 546 and 8008?
182
What is the greatest common divisor of 135 and 115?
5
Calculate the highest common factor of 58 and 2494.
58
What is the greatest common divisor of 20 and 8180?
20
What is the highest common factor of 22577 and 107?
107
What is the highest common divisor of 1900 and 76?
76
What is the greatest common divisor of 189 and 4431?
21
What is the greatest common divisor of 180 and 100?
20
What is the highest common divisor of 7475 and 325?
325
Calculate the greatest common divisor of 18 and 7302.
6
Calculate the highest common divisor of 195 and 312.
39
What is the greatest common factor of 406 and 1008?
14
Calculate the greatest common divisor of 37983 and 11.
11
What is the greatest common divisor of 420 and 1155?
105
What is the greatest common divisor of 36 and 837?
9
Calculate the greatest common divisor of 377 and 87.
29
What is the greatest common factor of 591 and 6304?
197
What is the greatest common divisor of 816 and 2550?
102
What is the greatest common factor of 1370 and 40?
10
What is the greatest common divisor of 414 and 1311?
69
Calculate the greatest common divisor of 3485 and 255.
85
What is the highest common factor of 1 and 1268?
1
What is the greatest common factor of 39 and 689?
13
Calculate the greatest common factor of 483 and 138.
69
What is the greatest common divisor of 2784 and 864?
96
Calculate the greatest common divisor of 3283 and 134.
67
Calculate the highest common factor of 5872 and 16.
16
Calculate the highest common divisor of 91 and 130.
13
Calculate the highest common divisor of 10 and 40.
10
Calculate the highest common divisor of 16 and 7880.
8
Calculate the highest common factor of 513 and 1767.
57
Calculate the greatest common factor of 119 and 85.
17
What is the highest common factor of 18260 and 55?
55
What is the greatest common divisor of 126 and 112?
14
Calculate the highest common divisor of 38 and 266.
38
Calculate the highest common divisor of 5146 and 1054.
62
What is the greatest common divisor of 1419 and 33?
33
What is the greatest common factor of 552 and 1311?
69
What is the greatest common factor of 12636 and 780?
156
What is the highest common factor of 21311 and 101?
101
What is the highest common factor of 572 and 78?
26
What is the highest common divisor of 88 and 220?
44
What is the greatest common divisor of 627 and 114?
57
What is the greatest common factor of 648 and 594?
54
What is the highest common factor of 9 and 144?
9
Calculate the greatest common factor of 6 and 87.
3
What is the highest common factor of 4544 and 24?
8
What is the highest common divisor of 3993 and 33?
33
Calculate the highest common divisor of 24 and 564.
12
Calculate the greatest common factor of 10 and 190.
10
What is the greatest common factor of 1140 and 60?
60
Calculate the highest common divisor of 612 and 3944.
68
Calculate the highest common factor of 30 and 150.
30
Calculate the highest common factor of 132 and 55.
11
Calculate the greatest common factor of 2436 and 1972.
116
What is the greatest common divisor of 328 and 24?
8
What is the highest common divisor of 26 and 4?
2
Calculate the highest common factor of 30 and 75.
15
Calculate the greatest common factor of 18 and 144.
18
Calculate the greatest common divisor of 10974 and 186.
186
Calculate the highest common factor of 136 and 306.
34
What is the greatest common factor of 75 and 240?
15
What is the greatest common factor of 20 and 4460?
20
What is the greatest common factor of 2842 and 686?
98
Calculate the greatest common factor of 106 and 2.
2
What is the highest common divisor of 120 and 240?
120
What is the highest common factor of 14335 and 1175?
235
What is the highest common divisor of 156 and 39?
39
What is the greatest common factor of 14 and 45220?
14
What is the highest common divisor of 63 and 4053?
21
What is the highest common factor of 46313 and 29?
29
Calculate the highest common factor of 17820 and 110.
110
Calculate the highest common divisor of 1360 and 850.
170
Calculate the greatest common divisor of 144 and 396.
36
Calculate the greatest common divisor of 23 and 161.
23
What is the highest common factor of 119 and 119?
119
Calculate the greatest common factor of 53 and 5671.
53
Calculate the greatest common divisor of 819 and 63.
63
Calculate the greatest common factor of 946 and 198.
22
What is the greatest common divisor of 486 and 954?
18
Calculate the highest common divisor of 9 and 171.
9
Calculate the greatest common divisor of 44 and 253.
11
Calculate the greatest common factor of 5350 and 50.
50
Calculate the greatest common divisor of 45 and 105.
15
Calculate the highest common divisor of 62 and 1426.
62
What is the highest common factor of 10258 and 184?
46
Calculate the greatest common factor of 651 and 105.
21
Calculate the greatest common divisor of 736 and 12.
4
What is the highest common factor of 354 and 472?
118
Calculate the highest common factor of 1513 and 3293.
89
Calculate the highest common divisor of 44 and 428.
4
What is the greatest common divisor of 23 and 483?
23
What is the highest common factor of 124 and 3193?
31
What is the greatest common divisor of 240 and 180?
60
Calculate the highest common divisor of 8 and 216.
8
Calculate the highest common factor of 48 and 2220.
12
Calculate the greatest common divisor of 78 and 1586.
26
What is the highest common divisor of 296 and 2331?
37
Calculate the highest common factor of 900 and 9300.
300
Calculate the highest common factor of 640 and 20.
20
What is the highest common factor of 68 and 425?
17
What is the highest common divisor of 24 and 9?
3
What is the greatest common divisor of 9 and 144?
9
What is the greatest common divisor of 117 and 27?
9
What is the greatest common divisor of 36 and 5913?
9
Calculate the greatest common divisor of 2744 and 56.
56
Calculate the greatest common factor of 81 and 36.
9
What is the greatest common factor of 55 and 2255?
55
Calculate the highest common divisor of 26 and 871.
13
Calculate the greatest common divisor of 77 and 2079.
77
Calculate the highest common factor of 98 and 1715.
49
What is the highest common factor of 143 and 12298?
143
Calculate the highest common divisor of 26 and 65.
13
Calculate the greatest common divisor of 416 and 20.
4
What is the highest common factor of 564 and 705?
141
Calculate the greatest common factor of 98 and 532.
14
What is the greatest common factor of 285 and 209?
19
Calculate the highest common factor of 7512 and 16.
8
What is the highest common divisor of 248 and 1147?
31
Calculate the highest common factor of 48 and 492.
12
Calculate the greatest common factor of 2 and 98.
2
What is the greatest common divisor of 8 and 744?
8
What is the greatest common divisor of 1804 and 41?
41
What is the greatest common factor of 2327 and 1253?
179
Calculate the greatest common divisor of 451 and 41.
41
Calculate the highest common factor of 35 and 1645.
35
What is the highest common divisor of 108 and 1068?
12
Calculate the highest common divisor of 108 and 108.
108
What is the highest common divisor of 2 and 3371?
1
Calculate the highest common factor of 3055 and 715.
65
Calculate the greatest common divisor of 44 and 1287.
11
Calculate the highest common factor of 164 and 10414.
82
Calculate the highest common factor of 16 and 1592.
8
What is the greatest common factor of 528 and 2343?
33
What is the greatest common factor of 14 and 126?
14
What is the greatest common divisor of 16 and 104?
8
Calculate the highest common factor of 2 and 32.
2
Calculate the highest common factor of 4884 and 1776.
444
What is the highest common factor of 100 and 175?
25
Calculate the highest common divisor of 49 and 3479.
49
What is the highest common factor of 289 and 7?
1
Calculate the greatest common factor of 80 and 420.
20
What is the greatest common divisor of 11 and 275?
11
What is the highest common divisor of 36 and 96?
12
What is the highest common divisor of 611 and 26?
13
Calculate the highest common factor of 180 and 870.
30
What is the highest common factor of 2625 and 231?
21
What is the highest common factor of 2 and 29?
1
Calculate the g